{"id":346,"date":"2020-03-08T19:09:59","date_gmt":"2020-03-08T18:09:59","guid":{"rendered":"https:\/\/voyageetdestination.fr\/?page_id=346"},"modified":"2021-11-09T22:29:33","modified_gmt":"2021-11-09T21:29:33","slug":"a-propos","status":"publish","type":"page","link":"https:\/\/voyageetdestination.fr\/index.php\/a-propos\/","title":{"rendered":"A propos"},"content":{"rendered":"\n<p class=\"has-text-align-center\">Nous sommes ravis de vous retrouver sur notre blog de voyage !<\/p>\n\n\n\n<div style=\"height:32px\" aria-hidden=\"true\" class=\"wp-block-spacer\"><\/div>\n\n\n\n<div class=\"wp-block-media-text alignwide is-stacked-on-mobile is-image-fill\" style=\"grid-template-columns:45% auto\"><figure class=\"wp-block-media-text__media\" style=\"background-image:url(https:\/\/voyageetdestination.files.wordpress.com\/2020\/03\/xt_30-5-1.png?w=1024);background-position:28.999999999999996% 37%\"><img decoding=\"async\" src=\"https:\/\/voyageetdestination.files.wordpress.com\/2020\/03\/xt_30-5-1.png?w=1024\" alt=\"\" class=\"wp-image-468 size-full\"\/><\/figure><div class=\"wp-block-media-text__content\">\n<h2 class=\"has-text-align-left wp-block-heading\">Morgane<\/h2>\n\n\n\n<p class=\"has-text-align-left\" style=\"font-size:16px\"><em>Voyageuse<\/em><\/p>\n\n\n\n<p class=\"has-text-align-left\" style=\"font-size:16px\">Je m&rsquo;appelle Morgane et j&rsquo;ai toujours ador\u00e9 voyager. Depuis toute petite, je suis sur les routes, dans un premier temps avec ma famille, et d\u00e9sormais, bien plus souvent en duo.<\/p>\n\n\n\n<p class=\"has-text-align-left\" style=\"font-size:16px\">J&rsquo;esp\u00e8re par ce  blog vous inspirer \u00e0 voyager, sans partir forc\u00e9ment tr\u00e8s loin !<\/p>\n<\/div><\/div>\n\n\n\n<div class=\"wp-block-media-text alignwide has-media-on-the-right is-stacked-on-mobile is-image-fill\"><figure class=\"wp-block-media-text__media\" style=\"background-image:url(https:\/\/voyageetdestination.files.wordpress.com\/2020\/03\/dscf2109-copie.jpg?w=1024);background-position:50% 32%\"><img decoding=\"async\" src=\"https:\/\/voyageetdestination.files.wordpress.com\/2020\/03\/dscf2109-copie.jpg?w=1024\" alt=\"\" class=\"wp-image-467 size-full\"\/><\/figure><div class=\"wp-block-media-text__content\">\n<h2 class=\"has-text-align-left wp-block-heading\">Johann<\/h2>\n\n\n\n<p class=\"has-text-align-left\" style=\"font-size:16px\"><em>Voyageur<\/em><\/p>\n\n\n\n<p class=\"has-text-align-left\" style=\"font-size:16px\">Je m&rsquo;appelle Johann. J&rsquo;aime particuli\u00e8rement prendre des clich\u00e9s de ce qui m&rsquo;entoure lors de mes voyages ou balades. Surtout de ce que l&rsquo;on ne prend pas forc\u00e9ment le temps de regarder !<\/p>\n<\/div><\/div>\n\n\n\n<div style=\"height:32px\" aria-hidden=\"true\" class=\"wp-block-spacer desktop-only\"><\/div>\n\n\n\n<hr class=\"wp-block-separator is-style-wide\"\/>\n\n\n\n<div style=\"height:32px\" aria-hidden=\"true\" class=\"wp-block-spacer desktop-only\"><\/div>\n\n\n\n<h2 class=\"has-text-align-center wp-block-heading\">Envie de nous contacter ? <\/h2>\n\n\n\n<div class=\"wp-block-button aligncenter\"><a class=\"wp-block-button__link has-foreground-background-color has-background\" href=\"https:\/\/voyageetdestination.fr\/index.php\/contact\/\" target=\"_blank\" rel=\"noreferrer noopener\">Contact<\/a><\/div>\n\n\n\n<div style=\"height:32px\" aria-hidden=\"true\" class=\"wp-block-spacer desktop-only\"><\/div>\n\n\n\n<hr class=\"wp-block-separator has-text-color has-background has-background-dark-background-color has-background-dark-color is-style-wide\"\/>\n\n\n\n<p><\/p>\n","protected":false},"excerpt":{"rendered":"<p class=\"text-justify\">Nous sommes ravis de vous retrouver sur notre blog de voyage ! Morgane Voyageuse Je m&rsquo;appelle Morgane et j&rsquo;ai toujours ador\u00e9 voyager. Depuis toute petite, je suis sur les routes, dans un premier temps avec [&hellip;]<\/p>\n","protected":false},"author":1,"featured_media":0,"parent":0,"menu_order":0,"comment_status":"closed","ping_status":"closed","template":"","meta":{"jetpack_post_was_ever_published":false,"footnotes":""},"class_list":["post-346","page","type-page","status-publish","hentry"],"jetpack_sharing_enabled":true,"jetpack_likes_enabled":true,"_links":{"self":[{"href":"https:\/\/voyageetdestination.fr\/index.php\/wp-json\/wp\/v2\/pages\/346","targetHints":{"allow":["GET"]}}],"collection":[{"href":"https:\/\/voyageetdestination.fr\/index.php\/wp-json\/wp\/v2\/pages"}],"about":[{"href":"https:\/\/voyageetdestination.fr\/index.php\/wp-json\/wp\/v2\/types\/page"}],"author":[{"embeddable":true,"href":"https:\/\/voyageetdestination.fr\/index.php\/wp-json\/wp\/v2\/users\/1"}],"replies":[{"embeddable":true,"href":"https:\/\/voyageetdestination.fr\/index.php\/wp-json\/wp\/v2\/comments?post=346"}],"version-history":[{"count":1,"href":"https:\/\/voyageetdestination.fr\/index.php\/wp-json\/wp\/v2\/pages\/346\/revisions"}],"predecessor-version":[{"id":3045,"href":"https:\/\/voyageetdestination.fr\/index.php\/wp-json\/wp\/v2\/pages\/346\/revisions\/3045"}],"wp:attachment":[{"href":"https:\/\/voyageetdestination.fr\/index.php\/wp-json\/wp\/v2\/media?parent=346"}],"curies":[{"name":"wp","href":"https:\/\/api.w.org\/{rel}","templated":true}]}}

<p class="has-text-align-center">Nous sommes ravis de vous retrouver sur notre blog de voyage !</p>



<div style="height:32px" aria-hidden="true" class="wp-block-spacer"></div>



<div class="wp-block-media-text alignwide is-stacked-on-mobile is-image-fill" style="grid-template-columns:45% auto"><figure class="wp-block-media-text__media" style="background-image:url(https://voyageetdestination.files.wordpress.com/2020/03/xt_30-5-1.png?w=1024);background-position:28.999999999999996% 37%"><img decoding="async" src="https://voyageetdestination.files.wordpress.com/2020/03/xt_30-5-1.png?w=1024" alt="" class="wp-image-468 size-full"/></figure><div class="wp-block-media-text__content">
<h2 class="has-text-align-left wp-block-heading">Morgane</h2>



<p class="has-text-align-left" style="font-size:16px"><em>Voyageuse</em></p>



<p class="has-text-align-left" style="font-size:16px">Je m&rsquo;appelle Morgane et j&rsquo;ai toujours adoré voyager. Depuis toute petite, je suis sur les routes, dans un premier temps avec ma famille, et désormais, bien plus souvent en duo.</p>



<p class="has-text-align-left" style="font-size:16px">J&rsquo;espère par ce  blog vous inspirer à voyager, sans partir forcément très loin !</p>
</div></div>



<div class="wp-block-media-text alignwide has-media-on-the-right is-stacked-on-mobile is-image-fill"><figure class="wp-block-media-text__media" style="background-image:url(https://voyageetdestination.files.wordpress.com/2020/03/dscf2109-copie.jpg?w=1024);background-position:50% 32%"><img decoding="async" src="https://voyageetdestination.files.wordpress.com/2020/03/dscf2109-copie.jpg?w=1024" alt="" class="wp-image-467 size-full"/></figure><div class="wp-block-media-text__content">
<h2 class="has-text-align-left wp-block-heading">Johann</h2>



<p class="has-text-align-left" style="font-size:16px"><em>Voyageur</em></p>



<p class="has-text-align-left" style="font-size:16px">Je m&rsquo;appelle Johann. J&rsquo;aime particulièrement prendre des clichés de ce qui m&rsquo;entoure lors de mes voyages ou balades. Surtout de ce que l&rsquo;on ne prend pas forcément le temps de regarder !</p>
</div></div>



<div style="height:32px" aria-hidden="true" class="wp-block-spacer desktop-only"></div>



<hr class="wp-block-separator is-style-wide"/>



<div style="height:32px" aria-hidden="true" class="wp-block-spacer desktop-only"></div>



<h2 class="has-text-align-center wp-block-heading">Envie de nous contacter ? </h2>



<div class="wp-block-button aligncenter"><a class="wp-block-button__link has-foreground-background-color has-background" href="https://voyageetdestination.fr/index.php/contact/" target="_blank" rel="noreferrer noopener">Contact</a></div>



<div style="height:32px" aria-hidden="true" class="wp-block-spacer desktop-only"></div>



<hr class="wp-block-separator has-text-color has-background has-background-dark-background-color has-background-dark-color is-style-wide"/>



<p></p>

<p class="text-justify">Nous sommes ravis de vous retrouver sur notre blog de voyage ! Morgane Voyageuse Je m&rsquo;appelle Morgane et j&rsquo;ai toujours adoré voyager. Depuis toute petite, je suis sur les routes, dans un premier temps avec [&hellip;]</p>
