{"id":1923,"date":"2021-04-28T18:21:11","date_gmt":"2021-04-28T17:21:11","guid":{"rendered":"https:\/\/voyageetdestination.fr\/?page_id=1923"},"modified":"2022-01-13T19:57:44","modified_gmt":"2022-01-13T18:57:44","slug":"ecosse","status":"publish","type":"page","link":"https:\/\/voyageetdestination.fr\/index.php\/destinations\/ecosse\/","title":{"rendered":"\u00c9cosse"},"content":{"rendered":"\n<p class=\"has-text-align-center\">\u00c0 la d\u00e9couverte d&rsquo;\u00c9dimbourg<\/p>\n\n\n\n<div class=\"wp-block-jetpack-tiled-gallery aligncenter is-style-circle\"><div class=\"tiled-gallery__gallery\"><div class=\"tiled-gallery__row columns-3\"><div class=\"tiled-gallery__col\"><figure class=\"tiled-gallery__item\"><img decoding=\"async\" role=\"button\" tabindex=\"0\" aria-label=\"Ouvrir l\u2019image 1 sur 3 en plein \u00e9cran\"srcset=\"https:\/\/voyageetdestination.files.wordpress.com\/2021\/04\/img_20190430_145941.jpg?resize=600,600&#038;strip=info 600w,https:\/\/voyageetdestination.files.wordpress.com\/2021\/04\/img_20190430_145941.jpg?resize=900,900&#038;strip=info 900w,https:\/\/voyageetdestination.files.wordpress.com\/2021\/04\/img_20190430_145941.jpg?resize=1200,1200&#038;strip=info 1200w,https:\/\/voyageetdestination.files.wordpress.com\/2021\/04\/img_20190430_145941.jpg?resize=1500,1500&#038;strip=info 1500w,https:\/\/voyageetdestination.files.wordpress.com\/2021\/04\/img_20190430_145941.jpg?resize=1800,1800&#038;strip=info 1800w,https:\/\/voyageetdestination.files.wordpress.com\/2021\/04\/img_20190430_145941.jpg?resize=2000,2000&#038;strip=info 2000w\" alt=\"\" data-height=\"2422\" data-id=\"1920\" data-link=\"https:\/\/voyageetdestination.fr\/img_20190430_145941\/\" data-url=\"https:\/\/voyageetdestination.files.wordpress.com\/2021\/04\/img_20190430_145941.jpg\" data-width=\"3230\" src=\"https:\/\/voyageetdestination.files.wordpress.com\/2021\/04\/img_20190430_145941.jpg?resize=2000%2C2000\" data-amp-layout=\"responsive\"\/><\/figure><\/div><div class=\"tiled-gallery__col\"><figure class=\"tiled-gallery__item\"><img decoding=\"async\" role=\"button\" tabindex=\"0\" aria-label=\"Ouvrir l\u2019image 2 sur 3 en plein \u00e9cran\"srcset=\"https:\/\/voyageetdestination.files.wordpress.com\/2021\/04\/img_20190430_162014.jpg?resize=600,600&#038;strip=info 600w,https:\/\/voyageetdestination.files.wordpress.com\/2021\/04\/img_20190430_162014.jpg?resize=900,900&#038;strip=info 900w,https:\/\/voyageetdestination.files.wordpress.com\/2021\/04\/img_20190430_162014.jpg?resize=1200,1200&#038;strip=info 1200w,https:\/\/voyageetdestination.files.wordpress.com\/2021\/04\/img_20190430_162014.jpg?resize=1500,1500&#038;strip=info 1500w,https:\/\/voyageetdestination.files.wordpress.com\/2021\/04\/img_20190430_162014.jpg?resize=1800,1800&#038;strip=info 1800w,https:\/\/voyageetdestination.files.wordpress.com\/2021\/04\/img_20190430_162014.jpg?resize=2000,2000&#038;strip=info 2000w\" alt=\"\" data-height=\"2448\" data-id=\"1917\" data-link=\"https:\/\/voyageetdestination.fr\/img_20190430_162014\/\" data-url=\"https:\/\/voyageetdestination.files.wordpress.com\/2021\/04\/img_20190430_162014.jpg\" data-width=\"3264\" src=\"https:\/\/voyageetdestination.files.wordpress.com\/2021\/04\/img_20190430_162014.jpg?resize=2000%2C2000\" data-amp-layout=\"responsive\"\/><\/figure><\/div><div class=\"tiled-gallery__col\"><figure class=\"tiled-gallery__item\"><img decoding=\"async\" role=\"button\" tabindex=\"0\" aria-label=\"Ouvrir l\u2019image 3 sur 3 en plein \u00e9cran\"srcset=\"https:\/\/voyageetdestination.files.wordpress.com\/2021\/04\/img_20190430_165217.jpg?resize=600,600&#038;strip=info 600w,https:\/\/voyageetdestination.files.wordpress.com\/2021\/04\/img_20190430_165217.jpg?resize=900,900&#038;strip=info 900w,https:\/\/voyageetdestination.files.wordpress.com\/2021\/04\/img_20190430_165217.jpg?resize=1200,1200&#038;strip=info 1200w,https:\/\/voyageetdestination.files.wordpress.com\/2021\/04\/img_20190430_165217.jpg?resize=1500,1500&#038;strip=info 1500w,https:\/\/voyageetdestination.files.wordpress.com\/2021\/04\/img_20190430_165217.jpg?resize=1800,1800&#038;strip=info 1800w,https:\/\/voyageetdestination.files.wordpress.com\/2021\/04\/img_20190430_165217.jpg?resize=2000,2000&#038;strip=info 2000w\" alt=\"\" data-height=\"2422\" data-id=\"1918\" data-link=\"https:\/\/voyageetdestination.fr\/img_20190430_165217\/\" data-url=\"https:\/\/voyageetdestination.files.wordpress.com\/2021\/04\/img_20190430_165217.jpg\" data-width=\"3230\" src=\"https:\/\/voyageetdestination.files.wordpress.com\/2021\/04\/img_20190430_165217.jpg?resize=2000%2C2000\" data-amp-layout=\"responsive\"\/><\/figure><\/div><\/div><\/div><\/div>\n\n\n\n<p class=\"has-text-align-center has-medium-font-size\">Une belle destination \u00e9cossaise<\/p>\n\n\n\n<div class=\"wp-block-jetpack-map is-style-terrain\" data-map-id=\"jp-map-1\" data-map-provider=\"mapbox\" data-api-key=\"pk.eyJ1IjoibW9yZ2FuZXZveWFnZSIsImEiOiJja3Z2MDRpd3owNXg5MnVwaHJxdXJ5aDRmIn0.vKRsHB18cwCzj2k-3SqC7Q\" data-map-style=\"terrain\"><ul><li><a href=\"https:\/\/www.google.com\/maps\/search\/?api=1&amp;query=55.953345599999984,-3.1883749\">Edinburgh<\/a><\/li><\/ul><\/div>\n\n\n\n<p><\/p>\n\n\n\n<h2 class=\"wp-block-heading\">Les derniers articles<\/h2>\n\n\n\n<hr class=\"wp-block-separator has-text-color has-background has-background-dark-background-color has-background-dark-color is-style-default\"\/>\n\n\n<ul class=\"wp-block-latest-posts__list has-dates wp-block-latest-posts\"><li><div class=\"wp-block-latest-posts__featured-image\"><img loading=\"lazy\" decoding=\"async\" width=\"150\" height=\"150\" src=\"https:\/\/voyageetdestination.fr\/wp-content\/uploads\/2021\/11\/img_20190501_173645-150x150.jpg\" class=\"attachment-thumbnail size-thumbnail wp-post-image\" alt=\"\" style=\"\" data-attachment-id=\"2167\" data-permalink=\"https:\/\/voyageetdestination.fr\/index.php\/2021\/07\/21\/escapade-culinaire-edimbourg\/img_20190501_173645\/\" data-orig-file=\"https:\/\/voyageetdestination.fr\/wp-content\/uploads\/2021\/11\/img_20190501_173645.jpg\" data-orig-size=\"825,618\" data-comments-opened=\"1\" data-image-meta=\"{&quot;aperture&quot;:&quot;0&quot;,&quot;credit&quot;:&quot;&quot;,&quot;camera&quot;:&quot;&quot;,&quot;caption&quot;:&quot;&quot;,&quot;created_timestamp&quot;:&quot;0&quot;,&quot;copyright&quot;:&quot;&quot;,&quot;focal_length&quot;:&quot;0&quot;,&quot;iso&quot;:&quot;0&quot;,&quot;shutter_speed&quot;:&quot;0&quot;,&quot;title&quot;:&quot;&quot;,&quot;orientation&quot;:&quot;0&quot;}\" data-image-title=\"img_20190501_173645\" data-image-description=\"\" data-image-caption=\"\" data-large-file=\"https:\/\/voyageetdestination.fr\/wp-content\/uploads\/2021\/11\/img_20190501_173645.jpg\" \/><\/div><a class=\"wp-block-latest-posts__post-title\" href=\"https:\/\/voyageetdestination.fr\/index.php\/2021\/07\/21\/escapade-culinaire-edimbourg\/\">Escapade culinaire &#8211; \u00c9dimbourg<\/a><time datetime=\"2021-07-21T20:38:07+02:00\" class=\"wp-block-latest-posts__post-date\">21 juillet 2021<\/time><div class=\"wp-block-latest-posts__post-excerpt\">Ou finir par un petit tour gustatif Pour ce dernier article sur l&rsquo;\u00c9cosse, pr\u00e9parez-vous, nous avons de quoi ravir vos papilles. C&rsquo;est parti, nous vous emmenons \u00e0 la d\u00e9couverte des sp\u00e9cialit\u00e9s culinaires \u00e9cossaises ! \u00c0 premi\u00e8re vue, l&rsquo;\u00c9cosse n&rsquo;est pas le pays de la gastronomie (\u00e0 la deuxi\u00e8me non plus, d&rsquo;ailleurs). Mais il n&#8217;emp\u00eache que\u2026 <a class=\"wp-block-latest-posts__read-more\" href=\"https:\/\/voyageetdestination.fr\/index.php\/2021\/07\/21\/escapade-culinaire-edimbourg\/\" rel=\"noopener noreferrer\">Lire la suite<span class=\"screen-reader-text\">\u00a0: Escapade culinaire &#8211; \u00c9dimbourg<\/span><\/a><\/div><\/li>\n<li><div class=\"wp-block-latest-posts__featured-image\"><img loading=\"lazy\" decoding=\"async\" width=\"150\" height=\"150\" src=\"https:\/\/voyageetdestination.fr\/wp-content\/uploads\/2021\/06\/IMG_20190502_121936-150x150.jpg\" class=\"attachment-thumbnail size-thumbnail wp-post-image\" alt=\"\" style=\"\" data-attachment-id=\"3226\" data-permalink=\"https:\/\/voyageetdestination.fr\/index.php\/2021\/06\/30\/trois-lieux-a-ne-pas-manquer-edimbourg\/img_20190502_121936\/\" data-orig-file=\"https:\/\/voyageetdestination.fr\/wp-content\/uploads\/2021\/06\/IMG_20190502_121936-scaled.jpg\" data-orig-size=\"2560,1707\" data-comments-opened=\"1\" data-image-meta=\"{&quot;aperture&quot;:&quot;1.8&quot;,&quot;credit&quot;:&quot;&quot;,&quot;camera&quot;:&quot;HRY-LX1&quot;,&quot;caption&quot;:&quot;&quot;,&quot;created_timestamp&quot;:&quot;1556799577&quot;,&quot;copyright&quot;:&quot;&quot;,&quot;focal_length&quot;:&quot;3.6&quot;,&quot;iso&quot;:&quot;50&quot;,&quot;shutter_speed&quot;:&quot;0.0034013605442177&quot;,&quot;title&quot;:&quot;&quot;,&quot;orientation&quot;:&quot;0&quot;}\" data-image-title=\"Edimbourg\" data-image-description=\"\" data-image-caption=\"\" data-large-file=\"https:\/\/voyageetdestination.fr\/wp-content\/uploads\/2021\/06\/IMG_20190502_121936-1024x683.jpg\" \/><\/div><a class=\"wp-block-latest-posts__post-title\" href=\"https:\/\/voyageetdestination.fr\/index.php\/2021\/06\/30\/trois-lieux-a-ne-pas-manquer-edimbourg\/\">Trois lieux \u00e0 ne pas manquer &#8211; \u00c9dimbourg<\/a><time datetime=\"2021-06-30T19:00:00+02:00\" class=\"wp-block-latest-posts__post-date\">30 juin 2021<\/time><div class=\"wp-block-latest-posts__post-excerpt\">\u00c9cosse | Jour 4 Quatri\u00e8me jour \u00e0 \u00c9dimbourg et nous sommes loin d&rsquo;avoir tout vu ! Au programme de la journ\u00e9e : Arpenter Dean Village, Fl\u00e2ner dans les jardins du Royal Garden, S&rsquo;\u00e9merveiller au National Museum. D\u00e9couverte de Dean Village Dean Village fait partie de ces coins remplis de charme. A quelques dizaines de minutes\u2026 <a class=\"wp-block-latest-posts__read-more\" href=\"https:\/\/voyageetdestination.fr\/index.php\/2021\/06\/30\/trois-lieux-a-ne-pas-manquer-edimbourg\/\" rel=\"noopener noreferrer\">Lire la suite<span class=\"screen-reader-text\">\u00a0: Trois lieux \u00e0 ne pas manquer &#8211; \u00c9dimbourg<\/span><\/a><\/div><\/li>\n<li><div class=\"wp-block-latest-posts__featured-image\"><img loading=\"lazy\" decoding=\"async\" width=\"150\" height=\"150\" src=\"https:\/\/voyageetdestination.fr\/wp-content\/uploads\/2021\/06\/IMG_20190501_124133-150x150.jpg\" class=\"attachment-thumbnail size-thumbnail wp-post-image\" alt=\"\" style=\"\" data-attachment-id=\"3225\" data-permalink=\"https:\/\/voyageetdestination.fr\/index.php\/2021\/06\/09\/en-quete-de-patrimoine-edimbourg\/img_20190501_124133\/\" data-orig-file=\"https:\/\/voyageetdestination.fr\/wp-content\/uploads\/2021\/06\/IMG_20190501_124133-scaled.jpg\" data-orig-size=\"2560,1707\" data-comments-opened=\"1\" data-image-meta=\"{&quot;aperture&quot;:&quot;1.8&quot;,&quot;credit&quot;:&quot;&quot;,&quot;camera&quot;:&quot;HRY-LX1&quot;,&quot;caption&quot;:&quot;&quot;,&quot;created_timestamp&quot;:&quot;1556714494&quot;,&quot;copyright&quot;:&quot;&quot;,&quot;focal_length&quot;:&quot;3.6&quot;,&quot;iso&quot;:&quot;50&quot;,&quot;shutter_speed&quot;:&quot;0.0005249343832021&quot;,&quot;title&quot;:&quot;&quot;,&quot;orientation&quot;:&quot;0&quot;}\" data-image-title=\"Edimbourg\" data-image-description=\"\" data-image-caption=\"\" data-large-file=\"https:\/\/voyageetdestination.fr\/wp-content\/uploads\/2021\/06\/IMG_20190501_124133-1024x683.jpg\" \/><\/div><a class=\"wp-block-latest-posts__post-title\" href=\"https:\/\/voyageetdestination.fr\/index.php\/2021\/06\/09\/en-quete-de-patrimoine-edimbourg\/\">En qu\u00eate de patrimoine &#8211; \u00c9dimbourg<\/a><time datetime=\"2021-06-09T19:01:29+02:00\" class=\"wp-block-latest-posts__post-date\">9 juin 2021<\/time><div class=\"wp-block-latest-posts__post-excerpt\">\u00c9cosse | Jour 3 Pour ce troisi\u00e8me jour \u00e0 \u00c9dimbourg, nous partons voir d&rsquo;autres \u00e9l\u00e9ments incontournables du patrimoine : Le Ch\u00e2teau m\u00e9di\u00e9val d&rsquo;\u00c9dimbourg, Et le whisky \u00e9cossais ! Le ch\u00e2teau d&rsquo;\u00c9dimbourg Le Palais royal \u00c9dimbourg ne comprend pas moins de deux ch\u00e2teaux : celui d&rsquo;Holyroodhouse (que nous avons visit\u00e9 dans l&rsquo;article pr\u00e9c\u00e9dent) et le ch\u00e2teau\u2026 <a class=\"wp-block-latest-posts__read-more\" href=\"https:\/\/voyageetdestination.fr\/index.php\/2021\/06\/09\/en-quete-de-patrimoine-edimbourg\/\" rel=\"noopener noreferrer\">Lire la suite<span class=\"screen-reader-text\">\u00a0: En qu\u00eate de patrimoine &#8211; \u00c9dimbourg<\/span><\/a><\/div><\/li>\n<li><div class=\"wp-block-latest-posts__featured-image\"><img loading=\"lazy\" decoding=\"async\" width=\"150\" height=\"150\" src=\"https:\/\/voyageetdestination.fr\/wp-content\/uploads\/2021\/05\/IMG_20190430_150259-150x150.jpg\" class=\"attachment-thumbnail size-thumbnail wp-post-image\" alt=\"\" style=\"\" data-attachment-id=\"3224\" data-permalink=\"https:\/\/voyageetdestination.fr\/index.php\/2021\/05\/27\/a-la-decouverte-dholyrood-edimbourg\/img_20190430_150259\/\" data-orig-file=\"https:\/\/voyageetdestination.fr\/wp-content\/uploads\/2021\/05\/IMG_20190430_150259-scaled.jpg\" data-orig-size=\"2560,1706\" data-comments-opened=\"1\" data-image-meta=\"{&quot;aperture&quot;:&quot;1.8&quot;,&quot;credit&quot;:&quot;&quot;,&quot;camera&quot;:&quot;HRY-LX1&quot;,&quot;caption&quot;:&quot;&quot;,&quot;created_timestamp&quot;:&quot;1556636580&quot;,&quot;copyright&quot;:&quot;&quot;,&quot;focal_length&quot;:&quot;3.6&quot;,&quot;iso&quot;:&quot;50&quot;,&quot;shutter_speed&quot;:&quot;0.0014245014245014&quot;,&quot;title&quot;:&quot;&quot;,&quot;orientation&quot;:&quot;0&quot;}\" data-image-title=\"Edimbourg\" data-image-description=\"\" data-image-caption=\"\" data-large-file=\"https:\/\/voyageetdestination.fr\/wp-content\/uploads\/2021\/05\/IMG_20190430_150259-1024x682.jpg\" \/><\/div><a class=\"wp-block-latest-posts__post-title\" href=\"https:\/\/voyageetdestination.fr\/index.php\/2021\/05\/27\/a-la-decouverte-dholyrood-edimbourg\/\">\u00c0 la d\u00e9couverte d&rsquo;Holyrood &#8211; \u00c9dimbourg<\/a><time datetime=\"2021-05-27T19:00:00+02:00\" class=\"wp-block-latest-posts__post-date\">27 mai 2021<\/time><div class=\"wp-block-latest-posts__post-excerpt\">\u00c9cosse | Jour 2 Aujourd&rsquo;hui, lev\u00e9s t\u00f4t, nous avons de quoi faire. \u00c9dimbourg est une tr\u00e8s grande ville, pleine de ressources que nous ne voulons pas louper. Sur notre check-list du jour : Le Palais de Holyroodhouse (Palace of Holyroodhouse) Arthur&rsquo;s Seat et le parc d&rsquo;Holyrood (Holyrood Park) Une partie de la ville (Edinburgh New\u2026 <a class=\"wp-block-latest-posts__read-more\" href=\"https:\/\/voyageetdestination.fr\/index.php\/2021\/05\/27\/a-la-decouverte-dholyrood-edimbourg\/\" rel=\"noopener noreferrer\">Lire la suite<span class=\"screen-reader-text\">\u00a0: \u00c0 la d\u00e9couverte d&rsquo;Holyrood &#8211; \u00c9dimbourg<\/span><\/a><\/div><\/li>\n<li><div class=\"wp-block-latest-posts__featured-image\"><img loading=\"lazy\" decoding=\"async\" width=\"150\" height=\"150\" src=\"https:\/\/voyageetdestination.fr\/wp-content\/uploads\/2021\/11\/img_20190430_145941-150x150.jpg\" class=\"attachment-thumbnail size-thumbnail wp-post-image\" alt=\"\" style=\"\" data-attachment-id=\"2187\" data-permalink=\"https:\/\/voyageetdestination.fr\/index.php\/2021\/05\/27\/a-la-decouverte-dholyrood-edimbourg\/img_20190430_145941\/\" data-orig-file=\"https:\/\/voyageetdestination.fr\/wp-content\/uploads\/2021\/11\/img_20190430_145941.jpg\" data-orig-size=\"825,549\" data-comments-opened=\"1\" data-image-meta=\"{&quot;aperture&quot;:&quot;0&quot;,&quot;credit&quot;:&quot;&quot;,&quot;camera&quot;:&quot;&quot;,&quot;caption&quot;:&quot;&quot;,&quot;created_timestamp&quot;:&quot;0&quot;,&quot;copyright&quot;:&quot;&quot;,&quot;focal_length&quot;:&quot;0&quot;,&quot;iso&quot;:&quot;0&quot;,&quot;shutter_speed&quot;:&quot;0&quot;,&quot;title&quot;:&quot;&quot;,&quot;orientation&quot;:&quot;0&quot;}\" data-image-title=\"img_20190430_145941\" data-image-description=\"\" data-image-caption=\"\" data-large-file=\"https:\/\/voyageetdestination.fr\/wp-content\/uploads\/2021\/11\/img_20190430_145941.jpg\" \/><\/div><a class=\"wp-block-latest-posts__post-title\" href=\"https:\/\/voyageetdestination.fr\/index.php\/2021\/05\/12\/arrivee-a-edimbourg\/\">Arriv\u00e9e \u00e0 \u00c9dimbourg<\/a><time datetime=\"2021-05-12T19:00:00+02:00\" class=\"wp-block-latest-posts__post-date\">12 mai 2021<\/time><div class=\"wp-block-latest-posts__post-excerpt\">Ecosse | Jour 1 Apr\u00e8s un vol d&rsquo;une heure et demie environ, nous voil\u00e0 \u00e0 \u00c9dimbourg ! L&rsquo;a\u00e9roport n&rsquo;est \u00e9videmment pas en centre-ville. Il est \u00e0 Ingliston, \u00e0 huit kilom\u00e8tres de l\u00e0. Il faut donc prendre les transports en commun pour arriver en ville. Pour cela, le tramway est id\u00e9al. En route ! Se d\u00e9placer\u2026 <a class=\"wp-block-latest-posts__read-more\" href=\"https:\/\/voyageetdestination.fr\/index.php\/2021\/05\/12\/arrivee-a-edimbourg\/\" rel=\"noopener noreferrer\">Lire la suite<span class=\"screen-reader-text\">\u00a0: Arriv\u00e9e \u00e0 \u00c9dimbourg<\/span><\/a><\/div><\/li>\n<li><div class=\"wp-block-latest-posts__featured-image\"><img loading=\"lazy\" decoding=\"async\" width=\"150\" height=\"150\" src=\"https:\/\/voyageetdestination.fr\/wp-content\/uploads\/2021\/11\/img_20190430_165217-150x150.jpg\" class=\"attachment-thumbnail size-thumbnail wp-post-image\" alt=\"\" style=\"\" data-attachment-id=\"2193\" data-permalink=\"https:\/\/voyageetdestination.fr\/index.php\/2021\/05\/27\/a-la-decouverte-dholyrood-edimbourg\/img_20190430_165217\/\" data-orig-file=\"https:\/\/voyageetdestination.fr\/wp-content\/uploads\/2021\/11\/img_20190430_165217.jpg\" data-orig-size=\"825,550\" data-comments-opened=\"1\" data-image-meta=\"{&quot;aperture&quot;:&quot;0&quot;,&quot;credit&quot;:&quot;&quot;,&quot;camera&quot;:&quot;&quot;,&quot;caption&quot;:&quot;&quot;,&quot;created_timestamp&quot;:&quot;0&quot;,&quot;copyright&quot;:&quot;&quot;,&quot;focal_length&quot;:&quot;0&quot;,&quot;iso&quot;:&quot;0&quot;,&quot;shutter_speed&quot;:&quot;0&quot;,&quot;title&quot;:&quot;&quot;,&quot;orientation&quot;:&quot;0&quot;}\" data-image-title=\"img_20190430_165217\" data-image-description=\"\" data-image-caption=\"\" data-large-file=\"https:\/\/voyageetdestination.fr\/wp-content\/uploads\/2021\/11\/img_20190430_165217.jpg\" \/><\/div><a class=\"wp-block-latest-posts__post-title\" href=\"https:\/\/voyageetdestination.fr\/index.php\/2021\/04\/28\/voyage-en-ecosse\/\">Voyage en \u00c9cosse<\/a><time datetime=\"2021-04-28T20:00:00+02:00\" class=\"wp-block-latest-posts__post-date\">28 avril 2021<\/time><div class=\"wp-block-latest-posts__post-excerpt\">Un petit aper\u00e7u Cette fois-ci, nous remontons davantage dans le temps, puisque nous allons vous pr\u00e9senter notre voyage en \u00c9cosse. C&rsquo;\u00e9tait il y a 2 ans d\u00e9j\u00e0. D\u00e9but 2019, c&rsquo;\u00e9tait d\u00e9cid\u00e9 ! Les billets d&rsquo;avion pris, le AirBnb r\u00e9serv\u00e9 et les bagages pr\u00e9par\u00e9s, nous sommes partis pour quelques jours fin avril &#8211; d\u00e9but mai. Pile\u2026 <a class=\"wp-block-latest-posts__read-more\" href=\"https:\/\/voyageetdestination.fr\/index.php\/2021\/04\/28\/voyage-en-ecosse\/\" rel=\"noopener noreferrer\">Lire la suite<span class=\"screen-reader-text\">\u00a0: Voyage en \u00c9cosse<\/span><\/a><\/div><\/li>\n<\/ul>\n\n\n<p><\/p>\n","protected":false},"excerpt":{"rendered":"<p class=\"text-justify\">\u00c0 la d\u00e9couverte d&rsquo;\u00c9dimbourg Une belle destination \u00e9cossaise Les derniers articles<\/p>\n","protected":false},"author":1,"featured_media":0,"parent":358,"menu_order":0,"comment_status":"open","ping_status":"closed","template":"","meta":{"jetpack_post_was_ever_published":false,"footnotes":""},"class_list":["post-1923","page","type-page","status-publish","hentry"],"jetpack_sharing_enabled":true,"jetpack_likes_enabled":true,"_links":{"self":[{"href":"https:\/\/voyageetdestination.fr\/index.php\/wp-json\/wp\/v2\/pages\/1923","targetHints":{"allow":["GET"]}}],"collection":[{"href":"https:\/\/voyageetdestination.fr\/index.php\/wp-json\/wp\/v2\/pages"}],"about":[{"href":"https:\/\/voyageetdestination.fr\/index.php\/wp-json\/wp\/v2\/types\/page"}],"author":[{"embeddable":true,"href":"https:\/\/voyageetdestination.fr\/index.php\/wp-json\/wp\/v2\/users\/1"}],"replies":[{"embeddable":true,"href":"https:\/\/voyageetdestination.fr\/index.php\/wp-json\/wp\/v2\/comments?post=1923"}],"version-history":[{"count":6,"href":"https:\/\/voyageetdestination.fr\/index.php\/wp-json\/wp\/v2\/pages\/1923\/revisions"}],"predecessor-version":[{"id":3498,"href":"https:\/\/voyageetdestination.fr\/index.php\/wp-json\/wp\/v2\/pages\/1923\/revisions\/3498"}],"up":[{"embeddable":true,"href":"https:\/\/voyageetdestination.fr\/index.php\/wp-json\/wp\/v2\/pages\/358"}],"wp:attachment":[{"href":"https:\/\/voyageetdestination.fr\/index.php\/wp-json\/wp\/v2\/media?parent=1923"}],"curies":[{"name":"wp","href":"https:\/\/api.w.org\/{rel}","templated":true}]}}